{"id":13410,"date":"2017-08-05T15:01:40","date_gmt":"2017-08-05T15:01:40","guid":{"rendered":"http:\/\/local-church.cmsmasters.net\/?post_type=profile&#038;p=13410"},"modified":"2021-12-21T01:53:21","modified_gmt":"2021-12-21T04:53:21","slug":"dilsilei-monteiro","status":"publish","type":"profile","link":"https:\/\/ipaliancadf.org\/index.php\/profile\/dilsilei-monteiro\/","title":{"rendered":"Rev. Dilsilei Monteiro"},"content":{"rendered":"<div id=\"cmsmasters_row_ede137884b\" class=\"cmsmasters_row cmsmasters_color_scheme_default cmsmasters_row_top_default cmsmasters_row_bot_default cmsmasters_row_boxed\">\n<div class=\"cmsmasters_row_outer_parent\">\n<div class=\"cmsmasters_row_outer\">\n<div class=\"cmsmasters_row_inner\">\n<div class=\"cmsmasters_row_margin\">\n<div id=\"cmsmasters_column_\" class=\"cmsmasters_column one_first\">\n<div class=\"cmsmasters_column_inner\"><div class=\"cmsmasters_img  cmsmasters_image_n\"><img decoding=\"async\" src=\"https:\/\/ipaliancadf.org\/wp-content\/uploads\/2017\/08\/06-copiar.jpg\" \/><\/div>\n<\/div><\/div>\n<\/div>\n<\/div>\n<\/div>\n<\/div>\n<\/div>\n<div id=\"cmsmasters_row_e9e7409b03\" class=\"cmsmasters_row cmsmasters_color_scheme_default cmsmasters_row_top_default cmsmasters_row_bot_default cmsmasters_row_boxed\">\n<div class=\"cmsmasters_row_outer_parent\">\n<div class=\"cmsmasters_row_outer\">\n<div class=\"cmsmasters_row_inner\">\n<div class=\"cmsmasters_row_margin\">\n<div id=\"cmsmasters_column_\" class=\"cmsmasters_column one_first\">\n<div class=\"cmsmasters_column_inner\"><div class=\"cmsmasters_text\">\n<p>O Pr. Dilsilei Monteiro \u00e9 casado com Erika, pai da Ana Clara, Sarah, Deborah e Noah. Bacharel em Teologia pelo Semin\u00e1rio Teol\u00f3gico Presbiteriano de Bras\u00edlia e em Direito pela Universidade Federal de Goi\u00e1s (Direito \u2013 UFG); P\u00f3s-graduado em Direito P\u00fablico pela Universidade Castelo Branco (UCB \u2013 RJ) e Doc\u00eancia do Ensino Superior pela Universidade Gama Filho (UGF-RJ); Extens\u00e3o em EaD e Planejamento de Cursos pela EST (EST-RS); Doutorando em Minist\u00e9rio pelo Reformed Theological Seminary em parceria com Centro de P\u00f3s-gradua\u00e7\u00e3o Andrew Jumper (CPAJ-SP).<\/p>\n<\/div>\n<\/div><\/div>\n<\/div>\n<\/div>\n<\/div>\n<\/div>\n<\/div>\n\n","protected":false},"excerpt":{"rendered":"<p>O Pr. Dilsilei Monteiro \u00e9 casado com Erika, pai da Ana Clara, Sarah, Deborah e Noah. Bacharel em Teologia pelo Semin\u00e1rio Teol\u00f3gico Presbiteriano de Bras\u00edlia e em Direito pela Universidade Federal de Goi\u00e1s (Direito \u2013 UFG); P\u00f3s-graduado em Direito P\u00fablico pela Universidade Castelo Branco (UCB \u2013 RJ) e Doc\u00eancia do Ensino Superior pela Universidade Gama Filho (UGF-RJ); Extens\u00e3o em EaD e Planejamento de Cursos pela EST (EST-RS); Doutorando em Minist\u00e9rio pelo Reformed Theological Seminary em parceria com Centro de P\u00f3s-gradua\u00e7\u00e3o Andrew Jumper (CPAJ-SP).<\/p>\n","protected":false},"featured_media":14460,"menu_order":0,"comment_status":"closed","ping_status":"open","template":"","meta":{"footnotes":""},"pl-categs":[53],"class_list":["post-13410","profile","type-profile","status-publish","has-post-thumbnail","hentry","pl-categs-pastor-titular"],"yoast_head":"<!-- This site is optimized with the Yoast SEO plugin v18.3 - https:\/\/yoast.com\/wordpress\/plugins\/seo\/ -->\n<title>Rev. Dilsilei Monteiro - Igreja Presbiteriana Alian\u00e7a<\/title>\n<meta name=\"robots\" content=\"index, follow, max-snippet:-1, max-image-preview:large, max-video-preview:-1\" \/>\n<link rel=\"canonical\" href=\"https:\/\/ipaliancadf.org\/index.php\/profile\/dilsilei-monteiro\/\" \/>\n<meta property=\"og:locale\" content=\"pt_BR\" \/>\n<meta property=\"og:type\" content=\"article\" \/>\n<meta property=\"og:title\" content=\"Rev. Dilsilei Monteiro - Igreja Presbiteriana Alian\u00e7a\" \/>\n<meta property=\"og:description\" content=\"O Pr. Dilsilei Monteiro \u00e9 casado com Erika, pai da Ana Clara, Sarah, Deborah e Noah. Bacharel em Teologia pelo Semin\u00e1rio Teol\u00f3gico Presbiteriano de Bras\u00edlia e em Direito pela Universidade Federal de Goi\u00e1s (Direito \u2013 UFG); P\u00f3s-graduado em Direito P\u00fablico pela Universidade Castelo Branco (UCB \u2013 RJ) e Doc\u00eancia do Ensino Superior pela Universidade Gama Filho (UGF-RJ); Extens\u00e3o em EaD e Planejamento de Cursos pela EST (EST-RS); Doutorando em Minist\u00e9rio pelo Reformed Theological Seminary em parceria com Centro de P\u00f3s-gradua\u00e7\u00e3o Andrew Jumper (CPAJ-SP).\" \/>\n<meta property=\"og:url\" content=\"https:\/\/ipaliancadf.org\/index.php\/profile\/dilsilei-monteiro\/\" \/>\n<meta property=\"og:site_name\" content=\"Igreja Presbiteriana Alian\u00e7a\" \/>\n<meta property=\"article:modified_time\" content=\"2021-12-21T04:53:21+00:00\" \/>\n<meta property=\"og:image\" content=\"https:\/\/ipaliancadf.org\/wp-content\/uploads\/2017\/08\/a04-860x500-copiar1.jpg\" \/>\n\t<meta property=\"og:image:width\" content=\"860\" \/>\n\t<meta property=\"og:image:height\" content=\"500\" \/>\n\t<meta property=\"og:image:type\" content=\"image\/jpeg\" \/>\n<meta name=\"twitter:card\" content=\"summary_large_image\" \/>\n<meta name=\"twitter:label1\" content=\"Est. tempo de leitura\" \/>\n\t<meta name=\"twitter:data1\" content=\"1 minuto\" \/>\n<script type=\"application\/ld+json\" class=\"yoast-schema-graph\">{\"@context\":\"https:\/\/schema.org\",\"@graph\":[{\"@type\":\"WebSite\",\"@id\":\"https:\/\/ipaliancadf.org\/#website\",\"url\":\"https:\/\/ipaliancadf.org\/\",\"name\":\"Igreja Presbiteriana Alian\u00e7a\",\"description\":\"\",\"potentialAction\":[{\"@type\":\"SearchAction\",\"target\":{\"@type\":\"EntryPoint\",\"urlTemplate\":\"https:\/\/ipaliancadf.org\/?s={search_term_string}\"},\"query-input\":\"required name=search_term_string\"}],\"inLanguage\":\"pt-BR\"},{\"@type\":\"ImageObject\",\"@id\":\"https:\/\/ipaliancadf.org\/index.php\/profile\/dilsilei-monteiro\/#primaryimage\",\"inLanguage\":\"pt-BR\",\"url\":\"https:\/\/ipaliancadf.org\/wp-content\/uploads\/2017\/08\/a04-860x500-copiar1.jpg\",\"contentUrl\":\"https:\/\/ipaliancadf.org\/wp-content\/uploads\/2017\/08\/a04-860x500-copiar1.jpg\",\"width\":860,\"height\":500},{\"@type\":\"WebPage\",\"@id\":\"https:\/\/ipaliancadf.org\/index.php\/profile\/dilsilei-monteiro\/#webpage\",\"url\":\"https:\/\/ipaliancadf.org\/index.php\/profile\/dilsilei-monteiro\/\",\"name\":\"Rev. Dilsilei Monteiro - Igreja Presbiteriana Alian\u00e7a\",\"isPartOf\":{\"@id\":\"https:\/\/ipaliancadf.org\/#website\"},\"primaryImageOfPage\":{\"@id\":\"https:\/\/ipaliancadf.org\/index.php\/profile\/dilsilei-monteiro\/#primaryimage\"},\"datePublished\":\"2017-08-05T15:01:40+00:00\",\"dateModified\":\"2021-12-21T04:53:21+00:00\",\"breadcrumb\":{\"@id\":\"https:\/\/ipaliancadf.org\/index.php\/profile\/dilsilei-monteiro\/#breadcrumb\"},\"inLanguage\":\"pt-BR\",\"potentialAction\":[{\"@type\":\"ReadAction\",\"target\":[\"https:\/\/ipaliancadf.org\/index.php\/profile\/dilsilei-monteiro\/\"]}]},{\"@type\":\"BreadcrumbList\",\"@id\":\"https:\/\/ipaliancadf.org\/index.php\/profile\/dilsilei-monteiro\/#breadcrumb\",\"itemListElement\":[{\"@type\":\"ListItem\",\"position\":1,\"name\":\"In\u00edcio\",\"item\":\"https:\/\/ipaliancadf.org\/\"},{\"@type\":\"ListItem\",\"position\":2,\"name\":\"Profiles\",\"item\":\"https:\/\/ipaliancadf.org\/index.php\/profile\/\"},{\"@type\":\"ListItem\",\"position\":3,\"name\":\"Rev. Dilsilei Monteiro\"}]}]}<\/script>\n<!-- \/ Yoast SEO plugin. -->","yoast_head_json":{"title":"Rev. Dilsilei Monteiro - Igreja Presbiteriana Alian\u00e7a","robots":{"index":"index","follow":"follow","max-snippet":"max-snippet:-1","max-image-preview":"max-image-preview:large","max-video-preview":"max-video-preview:-1"},"canonical":"https:\/\/ipaliancadf.org\/index.php\/profile\/dilsilei-monteiro\/","og_locale":"pt_BR","og_type":"article","og_title":"Rev. Dilsilei Monteiro - Igreja Presbiteriana Alian\u00e7a","og_description":"O Pr. Dilsilei Monteiro \u00e9 casado com Erika, pai da Ana Clara, Sarah, Deborah e Noah. Bacharel em Teologia pelo Semin\u00e1rio Teol\u00f3gico Presbiteriano de Bras\u00edlia e em Direito pela Universidade Federal de Goi\u00e1s (Direito \u2013 UFG); P\u00f3s-graduado em Direito P\u00fablico pela Universidade Castelo Branco (UCB \u2013 RJ) e Doc\u00eancia do Ensino Superior pela Universidade Gama Filho (UGF-RJ); Extens\u00e3o em EaD e Planejamento de Cursos pela EST (EST-RS); Doutorando em Minist\u00e9rio pelo Reformed Theological Seminary em parceria com Centro de P\u00f3s-gradua\u00e7\u00e3o Andrew Jumper (CPAJ-SP).","og_url":"https:\/\/ipaliancadf.org\/index.php\/profile\/dilsilei-monteiro\/","og_site_name":"Igreja Presbiteriana Alian\u00e7a","article_modified_time":"2021-12-21T04:53:21+00:00","og_image":[{"width":860,"height":500,"url":"https:\/\/ipaliancadf.org\/wp-content\/uploads\/2017\/08\/a04-860x500-copiar1.jpg","type":"image\/jpeg"}],"twitter_card":"summary_large_image","twitter_misc":{"Est. tempo de leitura":"1 minuto"},"schema":{"@context":"https:\/\/schema.org","@graph":[{"@type":"WebSite","@id":"https:\/\/ipaliancadf.org\/#website","url":"https:\/\/ipaliancadf.org\/","name":"Igreja Presbiteriana Alian\u00e7a","description":"","potentialAction":[{"@type":"SearchAction","target":{"@type":"EntryPoint","urlTemplate":"https:\/\/ipaliancadf.org\/?s={search_term_string}"},"query-input":"required name=search_term_string"}],"inLanguage":"pt-BR"},{"@type":"ImageObject","@id":"https:\/\/ipaliancadf.org\/index.php\/profile\/dilsilei-monteiro\/#primaryimage","inLanguage":"pt-BR","url":"https:\/\/ipaliancadf.org\/wp-content\/uploads\/2017\/08\/a04-860x500-copiar1.jpg","contentUrl":"https:\/\/ipaliancadf.org\/wp-content\/uploads\/2017\/08\/a04-860x500-copiar1.jpg","width":860,"height":500},{"@type":"WebPage","@id":"https:\/\/ipaliancadf.org\/index.php\/profile\/dilsilei-monteiro\/#webpage","url":"https:\/\/ipaliancadf.org\/index.php\/profile\/dilsilei-monteiro\/","name":"Rev. Dilsilei Monteiro - Igreja Presbiteriana Alian\u00e7a","isPartOf":{"@id":"https:\/\/ipaliancadf.org\/#website"},"primaryImageOfPage":{"@id":"https:\/\/ipaliancadf.org\/index.php\/profile\/dilsilei-monteiro\/#primaryimage"},"datePublished":"2017-08-05T15:01:40+00:00","dateModified":"2021-12-21T04:53:21+00:00","breadcrumb":{"@id":"https:\/\/ipaliancadf.org\/index.php\/profile\/dilsilei-monteiro\/#breadcrumb"},"inLanguage":"pt-BR","potentialAction":[{"@type":"ReadAction","target":["https:\/\/ipaliancadf.org\/index.php\/profile\/dilsilei-monteiro\/"]}]},{"@type":"BreadcrumbList","@id":"https:\/\/ipaliancadf.org\/index.php\/profile\/dilsilei-monteiro\/#breadcrumb","itemListElement":[{"@type":"ListItem","position":1,"name":"In\u00edcio","item":"https:\/\/ipaliancadf.org\/"},{"@type":"ListItem","position":2,"name":"Profiles","item":"https:\/\/ipaliancadf.org\/index.php\/profile\/"},{"@type":"ListItem","position":3,"name":"Rev. Dilsilei Monteiro"}]}]}},"_links":{"self":[{"href":"https:\/\/ipaliancadf.org\/index.php\/wp-json\/wp\/v2\/profile\/13410","targetHints":{"allow":["GET"]}}],"collection":[{"href":"https:\/\/ipaliancadf.org\/index.php\/wp-json\/wp\/v2\/profile"}],"about":[{"href":"https:\/\/ipaliancadf.org\/index.php\/wp-json\/wp\/v2\/types\/profile"}],"replies":[{"embeddable":true,"href":"https:\/\/ipaliancadf.org\/index.php\/wp-json\/wp\/v2\/comments?post=13410"}],"version-history":[{"count":4,"href":"https:\/\/ipaliancadf.org\/index.php\/wp-json\/wp\/v2\/profile\/13410\/revisions"}],"predecessor-version":[{"id":14608,"href":"https:\/\/ipaliancadf.org\/index.php\/wp-json\/wp\/v2\/profile\/13410\/revisions\/14608"}],"wp:featuredmedia":[{"embeddable":true,"href":"https:\/\/ipaliancadf.org\/index.php\/wp-json\/wp\/v2\/media\/14460"}],"wp:attachment":[{"href":"https:\/\/ipaliancadf.org\/index.php\/wp-json\/wp\/v2\/media?parent=13410"}],"wp:term":[{"taxonomy":"pl-categs","embeddable":true,"href":"https:\/\/ipaliancadf.org\/index.php\/wp-json\/wp\/v2\/pl-categs?post=13410"}],"curies":[{"name":"wp","href":"https:\/\/api.w.org\/{rel}","templated":true}]}}

<div id="cmsmasters_row_ede137884b" class="cmsmasters_row cmsmasters_color_scheme_default cmsmasters_row_top_default cmsmasters_row_bot_default cmsmasters_row_boxed">
<div class="cmsmasters_row_outer_parent">
<div class="cmsmasters_row_outer">
<div class="cmsmasters_row_inner">
<div class="cmsmasters_row_margin">
<div id="cmsmasters_column_" class="cmsmasters_column one_first">
<div class="cmsmasters_column_inner"><div class="cmsmasters_img  cmsmasters_image_n"><img decoding="async" src="https://ipaliancadf.org/wp-content/uploads/2017/08/06-copiar.jpg" /></div>
</div></div>
</div>
</div>
</div>
</div>
</div>
<div id="cmsmasters_row_e9e7409b03" class="cmsmasters_row cmsmasters_color_scheme_default cmsmasters_row_top_default cmsmasters_row_bot_default cmsmasters_row_boxed">
<div class="cmsmasters_row_outer_parent">
<div class="cmsmasters_row_outer">
<div class="cmsmasters_row_inner">
<div class="cmsmasters_row_margin">
<div id="cmsmasters_column_" class="cmsmasters_column one_first">
<div class="cmsmasters_column_inner"><div class="cmsmasters_text">
<p>O Pr. Dilsilei Monteiro é casado com Erika, pai da Ana Clara, Sarah, Deborah e Noah. Bacharel em Teologia pelo Seminário Teológico Presbiteriano de Brasília e em Direito pela Universidade Federal de Goiás (Direito – UFG); Pós-graduado em Direito Público pela Universidade Castelo Branco (UCB – RJ) e Docência do Ensino Superior pela Universidade Gama Filho (UGF-RJ); Extensão em EaD e Planejamento de Cursos pela EST (EST-RS); Doutorando em Ministério pelo Reformed Theological Seminary em parceria com Centro de Pós-graduação Andrew Jumper (CPAJ-SP).</p>
</div>
</div></div>
</div>
</div>
</div>
</div>
</div>

<p>O Pr. Dilsilei Monteiro é casado com Erika, pai da Ana Clara, Sarah, Deborah e Noah. Bacharel em Teologia pelo Seminário Teológico Presbiteriano de Brasília e em Direito pela Universidade Federal de Goiás (Direito – UFG); Pós-graduado em Direito Público pela Universidade Castelo Branco (UCB – RJ) e Docência do Ensino Superior pela Universidade Gama Filho (UGF-RJ); Extensão em EaD e Planejamento de Cursos pela EST (EST-RS); Doutorando em Ministério pelo Reformed Theological Seminary em parceria com Centro de Pós-graduação Andrew Jumper (CPAJ-SP).</p>

<!-- This site is optimized with the Yoast SEO plugin v18.3 - https://yoast.com/wordpress/plugins/seo/ -->
<title>Rev. Dilsilei Monteiro - Igreja Presbiteriana Aliança</title>
<meta name="robots" content="index, follow, max-snippet:-1, max-image-preview:large, max-video-preview:-1" />
<link rel="canonical" href="https://ipaliancadf.org/index.php/profile/dilsilei-monteiro/" />
<meta property="og:locale" content="pt_BR" />
<meta property="og:type" content="article" />
<meta property="og:title" content="Rev. Dilsilei Monteiro - Igreja Presbiteriana Aliança" />
<meta property="og:description" content="O Pr. Dilsilei Monteiro é casado com Erika, pai da Ana Clara, Sarah, Deborah e Noah. Bacharel em Teologia pelo Seminário Teológico Presbiteriano de Brasília e em Direito pela Universidade Federal de Goiás (Direito – UFG); Pós-graduado em Direito Público pela Universidade Castelo Branco (UCB – RJ) e Docência do Ensino Superior pela Universidade Gama Filho (UGF-RJ); Extensão em EaD e Planejamento de Cursos pela EST (EST-RS); Doutorando em Ministério pelo Reformed Theological Seminary em parceria com Centro de Pós-graduação Andrew Jumper (CPAJ-SP)." />
<meta property="og:url" content="https://ipaliancadf.org/index.php/profile/dilsilei-monteiro/" />
<meta property="og:site_name" content="Igreja Presbiteriana Aliança" />
<meta property="article:modified_time" content="2021-12-21T04:53:21+00:00" />
<meta property="og:image" content="https://ipaliancadf.org/wp-content/uploads/2017/08/a04-860x500-copiar1.jpg" />
	<meta property="og:image:width" content="860" />
	<meta property="og:image:height" content="500" />
	<meta property="og:image:type" content="image/jpeg" />
<meta name="twitter:card" content="summary_large_image" />
<meta name="twitter:label1" content="Est. tempo de leitura" />
	<meta name="twitter:data1" content="1 minuto" />
<script type="application/ld+json" class="yoast-schema-graph">{"@context":"https://schema.org","@graph":[{"@type":"WebSite","@id":"https://ipaliancadf.org/#website","url":"https://ipaliancadf.org/","name":"Igreja Presbiteriana Aliança","description":"","potentialAction":[{"@type":"SearchAction","target":{"@type":"EntryPoint","urlTemplate":"https://ipaliancadf.org/?s={search_term_string}"},"query-input":"required name=search_term_string"}],"inLanguage":"pt-BR"},{"@type":"ImageObject","@id":"https://ipaliancadf.org/index.php/profile/dilsilei-monteiro/#primaryimage","inLanguage":"pt-BR","url":"https://ipaliancadf.org/wp-content/uploads/2017/08/a04-860x500-copiar1.jpg","contentUrl":"https://ipaliancadf.org/wp-content/uploads/2017/08/a04-860x500-copiar1.jpg","width":860,"height":500},{"@type":"WebPage","@id":"https://ipaliancadf.org/index.php/profile/dilsilei-monteiro/#webpage","url":"https://ipaliancadf.org/index.php/profile/dilsilei-monteiro/","name":"Rev. Dilsilei Monteiro - Igreja Presbiteriana Aliança","isPartOf":{"@id":"https://ipaliancadf.org/#website"},"primaryImageOfPage":{"@id":"https://ipaliancadf.org/index.php/profile/dilsilei-monteiro/#primaryimage"},"datePublished":"2017-08-05T15:01:40+00:00","dateModified":"2021-12-21T04:53:21+00:00","breadcrumb":{"@id":"https://ipaliancadf.org/index.php/profile/dilsilei-monteiro/#breadcrumb"},"inLanguage":"pt-BR","potentialAction":[{"@type":"ReadAction","target":["https://ipaliancadf.org/index.php/profile/dilsilei-monteiro/"]}]},{"@type":"BreadcrumbList","@id":"https://ipaliancadf.org/index.php/profile/dilsilei-monteiro/#breadcrumb","itemListElement":[{"@type":"ListItem","position":1,"name":"Início","item":"https://ipaliancadf.org/"},{"@type":"ListItem","position":2,"name":"Profiles","item":"https://ipaliancadf.org/index.php/profile/"},{"@type":"ListItem","position":3,"name":"Rev. Dilsilei Monteiro"}]}]}</script>
<!-- / Yoast SEO plugin. -->

Rev. Dilsilei Monteiro - Igreja Presbiteriana Aliança

O Pr. Dilsilei Monteiro é casado com Erika, pai da Ana Clara, Sarah, Deborah e Noah. Bacharel em Teologia pelo Seminário Teológico Presbiteriano de Brasília e em Direito pela Universidade Federal de Goiás (Direito – UFG); Pós-graduado em Direito Público pela Universidade Castelo Branco (UCB – RJ) e Docência do Ensino Superior pela Universidade Gama Filho (UGF-RJ); Extensão em EaD e Planejamento de Cursos pela EST (EST-RS); Doutorando em Ministério pelo Reformed Theological Seminary em parceria com Centro de Pós-graduação Andrew Jumper (CPAJ-SP).

Igreja Presbiteriana Aliança

Início
